{"id":125,"date":"2022-03-11T19:34:17","date_gmt":"2022-03-11T18:34:17","guid":{"rendered":"https:\/\/cafe-23.de\/?page_id=125"},"modified":"2024-05-02T16:02:00","modified_gmt":"2024-05-02T14:02:00","slug":"preise","status":"publish","type":"page","link":"https:\/\/cafe-23.de\/?page_id=125","title":{"rendered":"Preise &#038; Buchung"},"content":{"rendered":"\n<p><\/p>\n\n\n\n<p>eine \u00dcbernachtung: 89\u20ac<\/p>\n\n\n\n<p>ab zwei \u00dcbernachtungen: 79\u20ac\/Nacht<\/p>\n\n\n\n<p>Fr\u00fchst\u00fcck m\u00f6glich: 9\u20ac\/Person <\/p>\n\n\n\n<p>Preise sind inkl. Bettw\u00e4sche, Handt\u00fcchern und Endreinigung <\/p>\n\n\n\n<p>F\u00fcr Buchungsanfragen melden Sie sich bitte unter <a href=\"mailto:info@fewo-23.de\">info@fewo-23.de<\/a> bei uns. <\/p>\n","protected":false},"excerpt":{"rendered":"<p>eine \u00dcbernachtung: 89\u20ac ab zwei \u00dcbernachtungen: 79\u20ac\/Nacht Fr\u00fchst\u00fcck m\u00f6glich: 9\u20ac\/Person Preise sind inkl. Bettw\u00e4sche, Handt\u00fcchern und Endreinigung F\u00fcr Buchungsanfragen melden Sie sich bitte unter info@fewo-23.de&#8230;<\/p>\n","protected":false},"author":1,"featured_media":0,"parent":0,"menu_order":0,"comment_status":"closed","ping_status":"closed","template":"","meta":{"footnotes":""},"class_list":["post-125","page","type-page","status-publish","hentry"],"yoast_head":"<!-- This site is optimized with the Yoast SEO plugin v18.3 - https:\/\/yoast.com\/wordpress\/plugins\/seo\/ -->\n<title>Preise &amp; Buchung - No. 23 Ilmenau<\/title>\n<meta name=\"robots\" content=\"index, follow, max-snippet:-1, max-image-preview:large, max-video-preview:-1\" \/>\n<link rel=\"canonical\" href=\"https:\/\/cafe-23.de\/?page_id=125\" \/>\n<meta property=\"og:locale\" content=\"de_DE\" \/>\n<meta property=\"og:type\" content=\"article\" \/>\n<meta property=\"og:title\" content=\"Preise &amp; Buchung - No. 23 Ilmenau\" \/>\n<meta property=\"og:description\" content=\"eine \u00dcbernachtung: 89\u20ac ab zwei \u00dcbernachtungen: 79\u20ac\/Nacht Fr\u00fchst\u00fcck m\u00f6glich: 9\u20ac\/Person Preise sind inkl. Bettw\u00e4sche, Handt\u00fcchern und Endreinigung F\u00fcr Buchungsanfragen melden Sie sich bitte unter info@fewo-23.de...\" \/>\n<meta property=\"og:url\" content=\"https:\/\/cafe-23.de\/?page_id=125\" \/>\n<meta property=\"og:site_name\" content=\"No. 23 Ilmenau\" \/>\n<meta property=\"article:modified_time\" content=\"2024-05-02T14:02:00+00:00\" \/>\n<meta name=\"twitter:card\" content=\"summary_large_image\" \/>\n<meta name=\"twitter:label1\" content=\"Gesch\u00e4tzte Lesezeit\" \/>\n\t<meta name=\"twitter:data1\" content=\"1\u00a0Minute\" \/>\n<script type=\"application\/ld+json\" class=\"yoast-schema-graph\">{\"@context\":\"https:\/\/schema.org\",\"@graph\":[{\"@type\":\"WebSite\",\"@id\":\"https:\/\/cafe-23.de\/#website\",\"url\":\"https:\/\/cafe-23.de\/\",\"name\":\"No. 23 Ilmenau\",\"description\":\"\",\"potentialAction\":[{\"@type\":\"SearchAction\",\"target\":{\"@type\":\"EntryPoint\",\"urlTemplate\":\"https:\/\/cafe-23.de\/?s={search_term_string}\"},\"query-input\":\"required name=search_term_string\"}],\"inLanguage\":\"de\"},{\"@type\":\"WebPage\",\"@id\":\"https:\/\/cafe-23.de\/?page_id=125#webpage\",\"url\":\"https:\/\/cafe-23.de\/?page_id=125\",\"name\":\"Preise & Buchung - No. 23 Ilmenau\",\"isPartOf\":{\"@id\":\"https:\/\/cafe-23.de\/#website\"},\"datePublished\":\"2022-03-11T18:34:17+00:00\",\"dateModified\":\"2024-05-02T14:02:00+00:00\",\"breadcrumb\":{\"@id\":\"https:\/\/cafe-23.de\/?page_id=125#breadcrumb\"},\"inLanguage\":\"de\",\"potentialAction\":[{\"@type\":\"ReadAction\",\"target\":[\"https:\/\/cafe-23.de\/?page_id=125\"]}]},{\"@type\":\"BreadcrumbList\",\"@id\":\"https:\/\/cafe-23.de\/?page_id=125#breadcrumb\",\"itemListElement\":[{\"@type\":\"ListItem\",\"position\":1,\"name\":\"Startseite\",\"item\":\"https:\/\/cafe-23.de\/\"},{\"@type\":\"ListItem\",\"position\":2,\"name\":\"Preise &#038; Buchung\"}]}]}<\/script>\n<!-- \/ Yoast SEO plugin. -->","yoast_head_json":{"title":"Preise & Buchung - No. 23 Ilmenau","robots":{"index":"index","follow":"follow","max-snippet":"max-snippet:-1","max-image-preview":"max-image-preview:large","max-video-preview":"max-video-preview:-1"},"canonical":"https:\/\/cafe-23.de\/?page_id=125","og_locale":"de_DE","og_type":"article","og_title":"Preise & Buchung - No. 23 Ilmenau","og_description":"eine \u00dcbernachtung: 89\u20ac ab zwei \u00dcbernachtungen: 79\u20ac\/Nacht Fr\u00fchst\u00fcck m\u00f6glich: 9\u20ac\/Person Preise sind inkl. Bettw\u00e4sche, Handt\u00fcchern und Endreinigung F\u00fcr Buchungsanfragen melden Sie sich bitte unter info@fewo-23.de...","og_url":"https:\/\/cafe-23.de\/?page_id=125","og_site_name":"No. 23 Ilmenau","article_modified_time":"2024-05-02T14:02:00+00:00","twitter_card":"summary_large_image","twitter_misc":{"Gesch\u00e4tzte Lesezeit":"1\u00a0Minute"},"schema":{"@context":"https:\/\/schema.org","@graph":[{"@type":"WebSite","@id":"https:\/\/cafe-23.de\/#website","url":"https:\/\/cafe-23.de\/","name":"No. 23 Ilmenau","description":"","potentialAction":[{"@type":"SearchAction","target":{"@type":"EntryPoint","urlTemplate":"https:\/\/cafe-23.de\/?s={search_term_string}"},"query-input":"required name=search_term_string"}],"inLanguage":"de"},{"@type":"WebPage","@id":"https:\/\/cafe-23.de\/?page_id=125#webpage","url":"https:\/\/cafe-23.de\/?page_id=125","name":"Preise & Buchung - No. 23 Ilmenau","isPartOf":{"@id":"https:\/\/cafe-23.de\/#website"},"datePublished":"2022-03-11T18:34:17+00:00","dateModified":"2024-05-02T14:02:00+00:00","breadcrumb":{"@id":"https:\/\/cafe-23.de\/?page_id=125#breadcrumb"},"inLanguage":"de","potentialAction":[{"@type":"ReadAction","target":["https:\/\/cafe-23.de\/?page_id=125"]}]},{"@type":"BreadcrumbList","@id":"https:\/\/cafe-23.de\/?page_id=125#breadcrumb","itemListElement":[{"@type":"ListItem","position":1,"name":"Startseite","item":"https:\/\/cafe-23.de\/"},{"@type":"ListItem","position":2,"name":"Preise &#038; Buchung"}]}]}},"_links":{"self":[{"href":"https:\/\/cafe-23.de\/index.php?rest_route=\/wp\/v2\/pages\/125","targetHints":{"allow":["GET"]}}],"collection":[{"href":"https:\/\/cafe-23.de\/index.php?rest_route=\/wp\/v2\/pages"}],"about":[{"href":"https:\/\/cafe-23.de\/index.php?rest_route=\/wp\/v2\/types\/page"}],"author":[{"embeddable":true,"href":"https:\/\/cafe-23.de\/index.php?rest_route=\/wp\/v2\/users\/1"}],"replies":[{"embeddable":true,"href":"https:\/\/cafe-23.de\/index.php?rest_route=%2Fwp%2Fv2%2Fcomments&post=125"}],"version-history":[{"count":9,"href":"https:\/\/cafe-23.de\/index.php?rest_route=\/wp\/v2\/pages\/125\/revisions"}],"predecessor-version":[{"id":227,"href":"https:\/\/cafe-23.de\/index.php?rest_route=\/wp\/v2\/pages\/125\/revisions\/227"}],"wp:attachment":[{"href":"https:\/\/cafe-23.de\/index.php?rest_route=%2Fwp%2Fv2%2Fmedia&parent=125"}],"curies":[{"name":"wp","href":"https:\/\/api.w.org\/{rel}","templated":true}]}}