{"id":5,"date":"2022-03-10T10:10:21","date_gmt":"2022-03-10T09:10:21","guid":{"rendered":"https:\/\/cafe-23.de\/?page_id=5"},"modified":"2022-07-08T13:06:12","modified_gmt":"2022-07-08T11:06:12","slug":"cafe-partyraum-23","status":"publish","type":"page","link":"https:\/\/cafe-23.de\/?page_id=5","title":{"rendered":"Caf\u00e9"},"content":{"rendered":"\n<p>Freitags ab 18 Uhr ge\u00f6ffnet. <\/p>\n\n\n\n<p>Direkt am Ilmtal-Radweg gelegen, mit sicherer Abstellm\u00f6glichkeit f\u00fcr Ihre Fahrr\u00e4der. Auf den folgenden Seiten erhalten Sie weitere Informationen zu unserem <a href=\"https:\/\/cafe-23.de\/?page_id=55\" data-type=\"page\" data-id=\"55\">Angebot<\/a> und k\u00f6nnen einen <a href=\"https:\/\/cafe-23.de\/?page_id=74\" data-type=\"page\" data-id=\"74\">Blick ins Caf\u00e9<\/a> werfen. <\/p>\n\n\n\n<p><\/p>\n\n\n\n<p>Reservierung f\u00fcr private Veranstaltungen auch au\u00dferhalb der \u00d6ffnungszeiten m\u00f6glich. Bitte nehmen Sie bei Interesse fr\u00fchzeitig <a href=\"https:\/\/cafe-23.de\/?page_id=54\" data-type=\"page\" data-id=\"54\">Kontakt<\/a> mit uns auf.<\/p>\n","protected":false},"excerpt":{"rendered":"<p>Freitags ab 18 Uhr ge\u00f6ffnet. Direkt am Ilmtal-Radweg gelegen, mit sicherer Abstellm\u00f6glichkeit f\u00fcr Ihre Fahrr\u00e4der. Auf den folgenden Seiten erhalten Sie weitere Informationen zu unserem&#8230;<\/p>\n","protected":false},"author":1,"featured_media":0,"parent":0,"menu_order":0,"comment_status":"closed","ping_status":"closed","template":"","meta":{"footnotes":""},"class_list":["post-5","page","type-page","status-publish","hentry"],"yoast_head":"<!-- This site is optimized with the Yoast SEO plugin v18.3 - https:\/\/yoast.com\/wordpress\/plugins\/seo\/ -->\n<title>Caf\u00e9 - No. 23 Ilmenau<\/title>\n<meta name=\"robots\" content=\"index, follow, max-snippet:-1, max-image-preview:large, max-video-preview:-1\" \/>\n<link rel=\"canonical\" href=\"https:\/\/cafe-23.de\/?page_id=5\" \/>\n<meta property=\"og:locale\" content=\"de_DE\" \/>\n<meta property=\"og:type\" content=\"article\" \/>\n<meta property=\"og:title\" content=\"Caf\u00e9 - No. 23 Ilmenau\" \/>\n<meta property=\"og:description\" content=\"Freitags ab 18 Uhr ge\u00f6ffnet. Direkt am Ilmtal-Radweg gelegen, mit sicherer Abstellm\u00f6glichkeit f\u00fcr Ihre Fahrr\u00e4der. Auf den folgenden Seiten erhalten Sie weitere Informationen zu unserem...\" \/>\n<meta property=\"og:url\" content=\"https:\/\/cafe-23.de\/?page_id=5\" \/>\n<meta property=\"og:site_name\" content=\"No. 23 Ilmenau\" \/>\n<meta property=\"article:modified_time\" content=\"2022-07-08T11:06:12+00:00\" \/>\n<meta name=\"twitter:card\" content=\"summary_large_image\" \/>\n<meta name=\"twitter:label1\" content=\"Gesch\u00e4tzte Lesezeit\" \/>\n\t<meta name=\"twitter:data1\" content=\"1\u00a0Minute\" \/>\n<script type=\"application\/ld+json\" class=\"yoast-schema-graph\">{\"@context\":\"https:\/\/schema.org\",\"@graph\":[{\"@type\":\"WebSite\",\"@id\":\"https:\/\/cafe-23.de\/#website\",\"url\":\"https:\/\/cafe-23.de\/\",\"name\":\"No. 23 Ilmenau\",\"description\":\"\",\"potentialAction\":[{\"@type\":\"SearchAction\",\"target\":{\"@type\":\"EntryPoint\",\"urlTemplate\":\"https:\/\/cafe-23.de\/?s={search_term_string}\"},\"query-input\":\"required name=search_term_string\"}],\"inLanguage\":\"de\"},{\"@type\":\"WebPage\",\"@id\":\"https:\/\/cafe-23.de\/?page_id=5#webpage\",\"url\":\"https:\/\/cafe-23.de\/?page_id=5\",\"name\":\"Caf\u00e9 - No. 23 Ilmenau\",\"isPartOf\":{\"@id\":\"https:\/\/cafe-23.de\/#website\"},\"datePublished\":\"2022-03-10T09:10:21+00:00\",\"dateModified\":\"2022-07-08T11:06:12+00:00\",\"breadcrumb\":{\"@id\":\"https:\/\/cafe-23.de\/?page_id=5#breadcrumb\"},\"inLanguage\":\"de\",\"potentialAction\":[{\"@type\":\"ReadAction\",\"target\":[\"https:\/\/cafe-23.de\/?page_id=5\"]}]},{\"@type\":\"BreadcrumbList\",\"@id\":\"https:\/\/cafe-23.de\/?page_id=5#breadcrumb\",\"itemListElement\":[{\"@type\":\"ListItem\",\"position\":1,\"name\":\"Startseite\",\"item\":\"https:\/\/cafe-23.de\/\"},{\"@type\":\"ListItem\",\"position\":2,\"name\":\"Caf\u00e9\"}]}]}<\/script>\n<!-- \/ Yoast SEO plugin. -->","yoast_head_json":{"title":"Caf\u00e9 - No. 23 Ilmenau","robots":{"index":"index","follow":"follow","max-snippet":"max-snippet:-1","max-image-preview":"max-image-preview:large","max-video-preview":"max-video-preview:-1"},"canonical":"https:\/\/cafe-23.de\/?page_id=5","og_locale":"de_DE","og_type":"article","og_title":"Caf\u00e9 - No. 23 Ilmenau","og_description":"Freitags ab 18 Uhr ge\u00f6ffnet. Direkt am Ilmtal-Radweg gelegen, mit sicherer Abstellm\u00f6glichkeit f\u00fcr Ihre Fahrr\u00e4der. Auf den folgenden Seiten erhalten Sie weitere Informationen zu unserem...","og_url":"https:\/\/cafe-23.de\/?page_id=5","og_site_name":"No. 23 Ilmenau","article_modified_time":"2022-07-08T11:06:12+00:00","twitter_card":"summary_large_image","twitter_misc":{"Gesch\u00e4tzte Lesezeit":"1\u00a0Minute"},"schema":{"@context":"https:\/\/schema.org","@graph":[{"@type":"WebSite","@id":"https:\/\/cafe-23.de\/#website","url":"https:\/\/cafe-23.de\/","name":"No. 23 Ilmenau","description":"","potentialAction":[{"@type":"SearchAction","target":{"@type":"EntryPoint","urlTemplate":"https:\/\/cafe-23.de\/?s={search_term_string}"},"query-input":"required name=search_term_string"}],"inLanguage":"de"},{"@type":"WebPage","@id":"https:\/\/cafe-23.de\/?page_id=5#webpage","url":"https:\/\/cafe-23.de\/?page_id=5","name":"Caf\u00e9 - No. 23 Ilmenau","isPartOf":{"@id":"https:\/\/cafe-23.de\/#website"},"datePublished":"2022-03-10T09:10:21+00:00","dateModified":"2022-07-08T11:06:12+00:00","breadcrumb":{"@id":"https:\/\/cafe-23.de\/?page_id=5#breadcrumb"},"inLanguage":"de","potentialAction":[{"@type":"ReadAction","target":["https:\/\/cafe-23.de\/?page_id=5"]}]},{"@type":"BreadcrumbList","@id":"https:\/\/cafe-23.de\/?page_id=5#breadcrumb","itemListElement":[{"@type":"ListItem","position":1,"name":"Startseite","item":"https:\/\/cafe-23.de\/"},{"@type":"ListItem","position":2,"name":"Caf\u00e9"}]}]}},"_links":{"self":[{"href":"https:\/\/cafe-23.de\/index.php?rest_route=\/wp\/v2\/pages\/5","targetHints":{"allow":["GET"]}}],"collection":[{"href":"https:\/\/cafe-23.de\/index.php?rest_route=\/wp\/v2\/pages"}],"about":[{"href":"https:\/\/cafe-23.de\/index.php?rest_route=\/wp\/v2\/types\/page"}],"author":[{"embeddable":true,"href":"https:\/\/cafe-23.de\/index.php?rest_route=\/wp\/v2\/users\/1"}],"replies":[{"embeddable":true,"href":"https:\/\/cafe-23.de\/index.php?rest_route=%2Fwp%2Fv2%2Fcomments&post=5"}],"version-history":[{"count":7,"href":"https:\/\/cafe-23.de\/index.php?rest_route=\/wp\/v2\/pages\/5\/revisions"}],"predecessor-version":[{"id":220,"href":"https:\/\/cafe-23.de\/index.php?rest_route=\/wp\/v2\/pages\/5\/revisions\/220"}],"wp:attachment":[{"href":"https:\/\/cafe-23.de\/index.php?rest_route=%2Fwp%2Fv2%2Fmedia&parent=5"}],"curies":[{"name":"wp","href":"https:\/\/api.w.org\/{rel}","templated":true}]}}